e tens digit of v?
1
Let b(c) = -301*c + 20. What is the hundreds digit of b(-2)?
6
Let b(a) be the first derivative of a**3/3 + 10*a**2 + 14*a + 1. What is the tens digit of b(-24)?
1
Suppose -19 = -5*z + 1. Suppose g = -z*c + 160, 5*g + 120 = c + 2*c. What is the tens digit of c?
4
Let w = 8 - -37. Suppose 3*d = -3*u + 198, -5*u = -4*d + w + 174. What is the tens digit of d?
6
Suppose 3*r + 3*c - 2760 = 0, -4*c + 2402 = 2*r + 564. What is the hundreds digit of r?
9
Let r(u) = 63*u**3 - u**2 - 2*u. Let y be r(2). Suppose -5*z - 4*t = -y, -5*z + 3*t = 5*t - 488. What is the units digit of z?
6
Suppose -4*b + 512 = -2*i, 3*i + 230 = 3*b - 160. Suppose -3*k + b = 2*r + r, -k + 122 = 3*r. What is the tens digit of r?
4
Let v = -493 - -927. What is the tens digit of v?
3
Suppose 0 = -2*v - 5*s - 29, 4*v - 5*v = -4*s + 47. Suppose 4*j + 114 - 352 = 2*r, -2*j - 5*r + 137 = 0. Let o = j + v. What is the units digit of o?
4
Let u = 17 + -17. What is the units digit of (u + 4/8)*10?
5
Let a be (2 - -7)/(6/(-198)). Let r = -171 - a. What is the tens digit of r?
2
Suppose 8*p = 20 + 20. What is the tens digit of (-4)/5 + p/(100/256)?
1
Let l be -15*9/4*-4. Suppose -33*n - 411 - 1734 = 0. Let t = n + l. What is the units digit of t?
0
Suppose -4*y + 7*y = 12. Suppose y*u - t - t = 270, 5*u - 2*t = 339. What is the units digit of u?
9
Let a(x) = -x**2 - 6*x + 5. Let t be a(-6). Let r(p) = p**2 - 8*p + 12. Let v be r(6). Suppose v*y - t*y = -220. What is the tens digit of y?
4
What is the thousands digit of (-3 - 2)*6/(-15)*2467?
4
Let r(a) = -7*a**2 + 3*a**2 + 5*a**2 - 5*a - 13. Let g be r(9). Suppose -g = -4*l + 3*l. What is the units digit of l?
3
Let l(d) = -6*d**3 - 2*d**2 + 3*d + 5. Let c = 47 + -49. What is the tens digit of l(c)?
3
Let r be ((-8)/(-12))/((-2)/(-45)). Let h = 29 - r. Let u = h + 25. What is the tens digit of u?
3
Suppose -5*l + 550 = 5*n - 0*l, 5*l = -4*n + 437. What is the tens digit of n?
1
Let x(d) = -d**3 - 4*d**2 - 2*d + 4. Let g be x(-3). What is the tens digit of g/((-3)/(-72)) + -4?
2
Let j = -712 + 1231. Suppose 5*a - 1474 = -j. What is the tens digit of a?
9
Let x(r) = -r**2 + 14*r + 1. Let z(m) = m**2 - 13*m - 2. Let g(n) = -6*x(n) - 7*z(n). Let c be g(8). Suppose -y + 26 = -c*y. What is the tens digit of y?
2
Let z = -14 - -19. Let j(f) = 4*f - 2. Let x be j(z). Let w = x + 7. What is the tens digit of w?
2
Let g(l) = l + 15 - 8 - 13. Let s be g(6). Suppose -5*z - 4*r + 0*r = -13, s = 4*z - 2*r. What is the units digit of z?
1
Let j = -16 + 40. Suppose 2*m + 4*w - 3*w = -12, -5*m - 4*w - j = 0. What is the units digit of 4/m*-6 + 8?
1
Let k(i) be the first derivative of 5 + 1/2*i**2 - 2*i + 13/2*i**4 + 0*i**3. What is the tens digit of k(1)?
2
Suppose i + 4174 = 5*y, -5*y + 1642 = 3*i - 2516. What is the units digit of y?
4
Suppose -27*y + 26*y + 349 = 0. What is the tens digit of y?
4
Let j(q) = 3*q + 46. Let i be j(-14). Let p(y) = -y**3 + 2*y + 1. Let w be p(-1). Suppose 0*c + i*c - 220 = w. What is the units digit of c?
5
Suppose 3*i - 1021 = -4*d + 1391, -4*i = -2*d + 1184. What is the hundreds digit of d?
6
Suppose 8*r - 3562 - 6110 = 0. What is the units digit of r?
9
Suppose -80 = 35*l - 30*l. Let b(g) = -17*g - 28. What is the tens digit of b(l)?
4
Suppose 9 - 3 = 3*g, p - 4*g - 724 = 0. What is the hundreds digit of p?
7
Suppose 33*i + 880 = 38*i. What is the tens digit of i?
7
Suppose 3*l = -5*d + 21, 2*l + 0 - 14 = 3*d. Suppose -l*h = -3*h - 348. What is the units digit of h?
7
Suppose n - 2*z + 34 = 1550, 4559 = 3*n + 5*z. What is the thousands digit of n?
1
What is the tens digit of (-7)/(70/124)*2850/(-38)?
3
What is the hundreds digit of 1929 + (17 - 8) + -8?
9
Let d be (-129)/27 - 12/54. Let w(m) = m**2 - 6*m - 12. What is the tens digit of w(d)?
4
Let x(k) = k**3 - 3*k**2 + 3*k - 2. Let p(i) = i. Let f be p(2). Let v be x(f). Suppose -4*j + 7*j - 21 = v. What is the units digit of j?
7
Let q = 0 + -1. Let b be (-1472)/24 + q/(-3). What is the units digit of b/(-2) - (-2)/(-4)?
0
Suppose 5*o - 2 = 4*a + 15, -4*o + 30 = 5*a. Let m be (-4)/2 + a*93. What is the units digit of m/14 + (-2)/14?
3
Let u(h) = -7*h + 12. Let v(b) = -8*b + 13. Let r(i) = 7*u(i) - 6*v(i). Let d be r(6). Suppose -2*z - 2*z + 60 = d. What is the tens digit of z?
1
Suppose 5*q = 2*q. Let m(s) = 14*s**3 + 8*s**2 + 3*s - 24. Let g(l) = 5*l**3 + 3*l**2 + l - 8. Let n(a) = 11*g(a) - 4*m(a). What is the units digit of n(q)?
8
Let s(m) = 126*m + 2923. What is the units digit of s(0)?
3
Let s = -24 - -43. Let y = s - 11. What is the units digit of y?
8
Suppose -o - r - 3 = -3*r, 0 = -2*r - 6. Let u = -3 - o. Suppose -u*d = -5*d - 71. What is the units digit of d?
1
Suppose 4*k = k + 99. What is the units digit of (-1557)/(-33) + (-6)/k?
7
Suppose 3*w - 4*x = 10, 2*w + 3*x - 2 = -1. Suppose w*v - 196 = 5*s, 5*v + 2*s = 399 + 120. What is the units digit of v?
3
Suppose -1280 = -2*v - 8*v. Let a = v + -27. What is the units digit of a?
1
Let k = -74 - -68. What is the tens digit of 2956/16 - k/(-8)?
8
Let s = 1080 - 680. What is the units digit of s?
0
Let o(i) be the third derivative of -1/8*i**4 - 1/60*i**6 + 0 + 5/6*i**3 - 7/60*i**5 + 0*i - 4*i**2. What is the tens digit of o(-4)?
3
Let v be (32/5)/((-4)/(-20)). Suppose -3*w = -w + v. Let n = 2 - w. What is the tens digit of n?
1
Let n(z) = -2*z**3 + 5*z**2 + 9*z - 6. Let l(b) = -b**3 + 3*b**2 + 5*b - 3. Let y(h) = 5*l(h) - 3*n(h). What is the tens digit of y(3)?
2
Let m = 42 + -38. Suppose 12 = m*l, -o = 2*o - 5*l - 84. What is the units digit of o?
3
Let q(x) = 3*x**3 + 45*x**2 + 13*x + 32. What is the tens digit of q(-14)?
3
Suppose -2*w = -265 - 159. What is the hundreds digit of w?
2
Let z(g) = -1216*g - 240. What is the hundreds digit of z(-2)?
1
Let b = -14 - -16. Let o(v) = 25*v + 1. What is the tens digit of o(b)?
5
Let l(i) = -i**3 - 3*i**2 - 5*i - 4. Suppose -4*k + 2*q + 12 = 0, 3*k - 3*q = 9 - 3. Suppose k*o - 4 = -12. What is the units digit of l(o)?
2
Let l(w) = 28*w + 47*w + 33*w - 4 - 31*w. What is the tens digit of l(2)?
5
Let c be (134/(-8))/((-1)/40*2). Suppose -o + 2*s = -c, -2*o = -o + 5*s - 328. What is the hundreds digit of o?
3
Suppose -625 = -5*p + 2*a, -p = 5*a - 63 - 62. Suppose d + p = 4*d + w, 0 = w - 2. What is the units digit of d?
1
Let d = 705 - 220. What is the units digit of d?
5
Let a be (-12)/8*8/(-6). Suppose 0 = b - 13 - 12. Suppose 4*i + g - a*g - 86 = 0, -2*g - b = -i. What is the units digit of i?
1
Let r = 104 - 18. What is the units digit of r?
6
Suppose -7*b + 772 = -2*b + h, b + h - 156 = 0. What is the units digit of b?
4
Suppose -5*w = -174 + 14. Suppose 0 = -5*q + w - 7. Suppose -2*s + h + 55 = 1, 3*s = -q*h + 68. What is the units digit of s?
6
Let m(j) be the second derivative of -j**5/20 + j**4/6 + 2*j**3/3 - 2*j**2 + 8*j. Let u be m(2). Suppose 95 = q + u*q. What is the units digit of q?
9
Let c(b) = b**3 + 4*b**2 + 2*b - 1. Let o be c(-3). Let i(z) = -6*z**3 + 2*z**2 - z - 3. Let k be i(o). Let x = 75 + k. What is the units digit of x?
0
Let k be 0/(-1) + (-4 - -8). Suppose -4*f + 16 = k. Suppose -d - f*d + 108 = 0. What is the units digit of d?
7
Let r(d) = 2*d**2 + 10*d + 9. Let b(l) = 4*l + 10. Let u = 1 + -5. Let i be b(u). What is the tens digit of r(i)?
2
Let d be (-3)/6 - 35/(-2). Let t(z) = -3*z - 7. Let y be t(-5). Let k = d - y. What is the units digit of k?
9
Let q = 3 - -205. What is the units digit of (-1)/((-5)/2) - q/(-130)?
2
What is the hundreds digit of 218/2 + (-38 - -41)?
1
Let p = 8 + -6. Let o be (-1)/(1/14*p). What is the units digit of -27*(2 + o/3)?
9
Let u = -1453 + 4451. What is the tens digit of u?
9
Suppose 24 + 14 = 2*x. Suppose n - 4*u = 6*n + x, 0 = -n + u - 2. What is the units digit of ((-400)/(-30))/((-1)/n)?
0
Let f(z) = -4*z - 15. Let k(v) = 7*v + 31. Let i(n) = 5*f(n) + 3*k(n). Let p = 248 - 232. What is the units digit of i(p)?
4
Suppose 5*o + 4*f - 5*f - 6016 = 0, 4*o + 5*f = 4836. What is the units digit of o?
4
Let z = -4 - -1. Let i = z + 3. Let y = i + 2. What is the units digit of y?
2
Suppose 5*u - 127 = -4*b - 19, -3*u + 56 = 2*b. Let n = 62 + -32. Let a = n + b. What is the units digit of a?
2
Suppose 24*o - 23*o = 252. Let z = o + 67. What is the units digit of z?
9
Let h = -342 - -84